{"id":874,"date":"2020-01-30T02:02:06","date_gmt":"2020-01-30T01:02:06","guid":{"rendered":"http:\/\/www.quattroprinting.pl\/new\/?page_id=874"},"modified":"2021-04-17T21:45:45","modified_gmt":"2021-04-17T20:45:45","slug":"oferta","status":"publish","type":"page","link":"http:\/\/www.quattroprinting.pl\/new\/oferta\/","title":{"rendered":"OFERTA"},"content":{"rendered":"\t\t<div data-elementor-type=\"wp-page\" data-elementor-id=\"874\" class=\"elementor elementor-874\" data-elementor-settings=\"[]\">\n\t\t\t\t\t\t<div class=\"elementor-inner\">\n\t\t\t\t\t\t\t<div class=\"elementor-section-wrap\">\n\t\t\t\t\t\t\t<section class=\"elementor-section elementor-top-section elementor-element elementor-element-b705004 elementor-section-boxed elementor-section-height-default elementor-section-height-default\" data-id=\"b705004\" data-element_type=\"section\">\n\t\t\t\t\t\t<div class=\"elementor-container elementor-column-gap-default\">\n\t\t\t\t\t\t\t<div class=\"elementor-row\">\n\t\t\t\t\t<div class=\"elementor-column elementor-col-100 elementor-top-column elementor-element elementor-element-58b72fb\" data-id=\"58b72fb\" data-element_type=\"column\">\n\t\t\t<div class=\"elementor-column-wrap elementor-element-populated\">\n\t\t\t\t\t\t\t<div class=\"elementor-widget-wrap\">\n\t\t\t\t\t\t<div class=\"elementor-element elementor-element-d461d17 elementor-widget elementor-widget-heading\" data-id=\"d461d17\" data-element_type=\"widget\" data-widget_type=\"heading.default\">\n\t\t\t\t<div class=\"elementor-widget-container\">\n\t\t\t<h2 class=\"elementor-heading-title elementor-size-default\">OFERTA<\/h2>\t\t<\/div>\n\t\t\t\t<\/div>\n\t\t\t\t\t\t<\/div>\n\t\t\t\t\t<\/div>\n\t\t<\/div>\n\t\t\t\t\t\t\t\t<\/div>\n\t\t\t\t\t<\/div>\n\t\t<\/section>\n\t\t\t\t<section class=\"elementor-section elementor-top-section elementor-element elementor-element-24b9c26 elementor-section-boxed elementor-section-height-default elementor-section-height-default\" data-id=\"24b9c26\" data-element_type=\"section\" data-settings=\"{&quot;background_background&quot;:&quot;classic&quot;}\">\n\t\t\t\t\t\t\t<div class=\"elementor-background-overlay\"><\/div>\n\t\t\t\t\t\t\t<div class=\"elementor-container elementor-column-gap-default\">\n\t\t\t\t\t\t\t<div class=\"elementor-row\">\n\t\t\t\t\t<div class=\"elementor-column elementor-col-100 elementor-top-column elementor-element elementor-element-e81e320\" data-id=\"e81e320\" data-element_type=\"column\">\n\t\t\t<div class=\"elementor-column-wrap elementor-element-populated\">\n\t\t\t\t\t\t\t<div class=\"elementor-widget-wrap\">\n\t\t\t\t\t\t<div class=\"elementor-element elementor-element-94a1156 elementor-widget elementor-widget-text-editor\" data-id=\"94a1156\" data-element_type=\"widget\" data-widget_type=\"text-editor.default\">\n\t\t\t\t<div class=\"elementor-widget-container\">\n\t\t\t\t\t\t\t\t<div class=\"elementor-text-editor elementor-clearfix\">\n\t\t\t\t<p>Oferujemy kompleksowy zakres us\u0142ug poligraficznych. Zrealizujemy ka\u017cde zlecenie z najwy\u017csz\u0105 staranno\u015bci\u0105. Zapewniamy fachow\u0105 i rzeteln\u0105 obs\u0142ug\u0119.<\/p><p>Do druku na HP Indigo 5500 mo\u017cna wykorzysta\u0107 szerok\u0105 gam\u0119 papier\u00f3w zr\u00f3\u017cnicowanych tak pod wzgl\u0119dem faktury jak i gramatury. Istotn\u0105 r\u00f3\u017cnic\u0105 pomi\u0119dzy drukiem na HP Indigo a wi\u0119kszo\u015bci\u0105 maszyn cyfrowych jest to, \u017ce drukujemy p\u0142ynn\u0105 farb\u0105 a nie utrwalanym tonerem proszkowym. Dzi\u0119ki temu nasze wydruki pozbawione s\u0105 wad charakterystycznych dla innych urz\u0105dze\u0144 cyfrowych. Druki z HP Indigo maj\u0105 takie samo nasycenie barw na r\u00f3\u017cnych pod\u0142o\u017cach, a tak\u017ce 100% powtarzalno\u015b\u0107 od pierwszej do ostatniej odbitki.<\/p><p>Obok druku cyfrowego oferujemy r\u00f3wnie\u017c druk offsetowy oraz wielkoformatowy.<\/p><p>Nasze mo\u017cliwo\u015bci produkcyjne pozwalaj\u0105 nam na produkcj\u0119 m.in.: wizyt\u00f3wek, ulotek, plakat\u00f3w, folder\u00f3w falcowanych oraz bigowanych, broszur i katalog\u00f3w (szytych, klejonych, oprawianych w spiral\u0119 metalow\u0105), nalepek na papierze samoprzylepnym lub folii, kalendarzy, ksi\u0105\u017cek w niskich nak\u0142adach, roll-up\u2019\u00f3w, bander reklamowych, planszy na piance lub PCV spienionym, obraz\u00f3w na canvasie, clipboard\u00f3w, pude\u0142wk, opakowa\u0144, wobbler\u00f3w, oraz wielu wielu innych produkt\u00f3w. Cz\u0119sto w naszych produkcjach wykorzystujemy plotter tn\u0105cy Kongsberg iXL-24 dzi\u0119ki czemu w skali miesi\u0105ca produkujemy od kilkudziesi\u0119ciu do kilkuset modeli dla naszych klient\u00f3w.<\/p><p>Mo\u017cliwo\u015bci naszej introligatorni:<\/p><ul><li style=\"list-style-type: none;\"><ul><li style=\"list-style-type: none;\"><ul><li style=\"list-style-type: none;\"><ul><li style=\"list-style-type: none;\"><ul><li>&#8211; foliowanie;<\/li><li>&#8211; laminowanie sztywn\u0105 foli\u0105;<\/li><li>&#8211; rycowanie;<\/li><li>&#8211; sztancowanie;<\/li><li>&#8211; falcowanie;<\/li><li>&#8211; bigowanie;<\/li><li>&#8211; oprawa: szyta, klejona, w spiral\u0119 metalow\u0105;<\/li><li>&#8211; kaszerowanie;<\/li><li>&#8211; szeroki zakres prac r\u0119cznych jak kofekcjonowanie, insertowanie;<\/li><li>&#8211; nietypowe prace r\u0119czne;<\/li><\/ul><\/li><\/ul><\/li><\/ul><\/li><\/ul><\/li><\/ul>\t\t\t\t\t<\/div>\n\t\t\t\t\t\t<\/div>\n\t\t\t\t<\/div>\n\t\t\t\t\t\t<\/div>\n\t\t\t\t\t<\/div>\n\t\t<\/div>\n\t\t\t\t\t\t\t\t<\/div>\n\t\t\t\t\t<\/div>\n\t\t<\/section>\n\t\t\t\t\t\t<\/div>\n\t\t\t\t\t\t<\/div>\n\t\t\t\t\t<\/div>\n\t\t","protected":false},"excerpt":{"rendered":"<p>OFERTA Oferujemy kompleksowy zakres us\u0142ug poligraficznych. Zrealizujemy ka\u017cde zlecenie z najwy\u017csz\u0105 staranno\u015bci\u0105. Zapewniamy fachow\u0105 i rzeteln\u0105 obs\u0142ug\u0119. Do druku na HP Indigo 5500 mo\u017cna wykorzysta\u0107 szerok\u0105 gam\u0119 papier\u00f3w zr\u00f3\u017cnicowanych tak pod wzgl\u0119dem faktury jak i gramatury. Istotn\u0105 r\u00f3\u017cnic\u0105 pomi\u0119dzy drukiem na HP Indigo a wi\u0119kszo\u015bci\u0105 maszyn cyfrowych jest to, \u017ce drukujemy p\u0142ynn\u0105 farb\u0105 a nie [&hellip;]<\/p>\n","protected":false},"author":1,"featured_media":0,"parent":0,"menu_order":0,"comment_status":"closed","ping_status":"closed","template":"","meta":[],"_links":{"self":[{"href":"http:\/\/www.quattroprinting.pl\/new\/wp-json\/wp\/v2\/pages\/874"}],"collection":[{"href":"http:\/\/www.quattroprinting.pl\/new\/wp-json\/wp\/v2\/pages"}],"about":[{"href":"http:\/\/www.quattroprinting.pl\/new\/wp-json\/wp\/v2\/types\/page"}],"author":[{"embeddable":true,"href":"http:\/\/www.quattroprinting.pl\/new\/wp-json\/wp\/v2\/users\/1"}],"replies":[{"embeddable":true,"href":"http:\/\/www.quattroprinting.pl\/new\/wp-json\/wp\/v2\/comments?post=874"}],"version-history":[{"count":73,"href":"http:\/\/www.quattroprinting.pl\/new\/wp-json\/wp\/v2\/pages\/874\/revisions"}],"predecessor-version":[{"id":1411,"href":"http:\/\/www.quattroprinting.pl\/new\/wp-json\/wp\/v2\/pages\/874\/revisions\/1411"}],"wp:attachment":[{"href":"http:\/\/www.quattroprinting.pl\/new\/wp-json\/wp\/v2\/media?parent=874"}],"curies":[{"name":"wp","href":"https:\/\/api.w.org\/{rel}","templated":true}]}}